{"id":38,"date":"2023-07-18T14:07:58","date_gmt":"2023-07-18T14:07:58","guid":{"rendered":"https:\/\/edmuse.ese.ipp.pt\/?page_id=38"},"modified":"2023-07-18T14:24:16","modified_gmt":"2023-07-18T14:24:16","slug":"contactos","status":"publish","type":"page","link":"https:\/\/edmuse.ese.ipp.pt\/index.php\/contactos\/","title":{"rendered":"Contactos"},"content":{"rendered":"\n<p><strong>e-mail |\u00a0Centro de Investiga\u00e7\u00e3o:<\/strong>\u00a0cipem@ese.ipp.pt<br><strong>Tel:<\/strong>\u00a0(+351) 22 507 33 83<\/p>\n\n\n\n<p><strong>Escola Superior de Educa\u00e7\u00e3o do Polit\u00e9cnico do Porto<\/strong><\/p>\n\n\n\n<p>Rua Dr. Roberto Frias, n.\u00ba 602<br>4200-465 Porto<br>Portugal<\/p>\n","protected":false},"excerpt":{"rendered":"<p>e-mail |\u00a0Centro de Investiga\u00e7\u00e3o:\u00a0cipem@ese.ipp.ptTel:\u00a0(+351) 22 507 33 83 Escola Superior de Educa\u00e7\u00e3o do Polit\u00e9cnico do Porto Rua Dr. Roberto Frias, n.\u00ba 6024200-465 PortoPortugal<\/p>\n","protected":false},"author":1,"featured_media":0,"parent":0,"menu_order":0,"comment_status":"closed","ping_status":"closed","template":"","meta":{"footnotes":""},"class_list":["post-38","page","type-page","status-publish","hentry","post"],"_links":{"self":[{"href":"https:\/\/edmuse.ese.ipp.pt\/index.php\/wp-json\/wp\/v2\/pages\/38","targetHints":{"allow":["GET"]}}],"collection":[{"href":"https:\/\/edmuse.ese.ipp.pt\/index.php\/wp-json\/wp\/v2\/pages"}],"about":[{"href":"https:\/\/edmuse.ese.ipp.pt\/index.php\/wp-json\/wp\/v2\/types\/page"}],"author":[{"embeddable":true,"href":"https:\/\/edmuse.ese.ipp.pt\/index.php\/wp-json\/wp\/v2\/users\/1"}],"replies":[{"embeddable":true,"href":"https:\/\/edmuse.ese.ipp.pt\/index.php\/wp-json\/wp\/v2\/comments?post=38"}],"version-history":[{"count":2,"href":"https:\/\/edmuse.ese.ipp.pt\/index.php\/wp-json\/wp\/v2\/pages\/38\/revisions"}],"predecessor-version":[{"id":42,"href":"https:\/\/edmuse.ese.ipp.pt\/index.php\/wp-json\/wp\/v2\/pages\/38\/revisions\/42"}],"wp:attachment":[{"href":"https:\/\/edmuse.ese.ipp.pt\/index.php\/wp-json\/wp\/v2\/media?parent=38"}],"curies":[{"name":"wp","href":"https:\/\/api.w.org\/{rel}","templated":true}]}}